{"id":21,"date":"2024-05-15T10:43:09","date_gmt":"2024-05-15T10:43:09","guid":{"rendered":"https:\/\/tiefbau-berlin.de\/?page_id=21"},"modified":"2024-06-07T09:27:58","modified_gmt":"2024-06-07T09:27:58","slug":"startseite","status":"publish","type":"page","link":"https:\/\/tiefbau-berlin.de\/","title":{"rendered":"Startseite"},"content":{"rendered":"<div class=\"video-mobile\"><div class=\"align wp-block-svp-video-player\" id='svpVideoPlayer-1' data-attributes='{&quot;align&quot;:&quot;&quot;,&quot;options&quot;:{&quot;controls&quot;:{&quot;play-large&quot;:true,&quot;restart&quot;:true,&quot;rewind&quot;:true,&quot;play&quot;:true,&quot;fast-forward&quot;:true,&quot;progress&quot;:true,&quot;current-time&quot;:true,&quot;mute&quot;:true,&quot;volume&quot;:true,&quot;captions&quot;:true,&quot;settings&quot;:true,&quot;pip&quot;:true,&quot;download&quot;:true,&quot;fullscreen&quot;:true},&quot;autoPlay&quot;:true,&quot;clickToPlay&quot;:true,&quot;muted&quot;:true,&quot;volume&quot;:0.5,&quot;seekTime&quot;:10,&quot;repeat&quot;:true,&quot;isAutoNextVideo&quot;:false,&quot;toolTip&quot;:true,&quot;isControl&quot;:true,&quot;shadowControl&quot;:true},&quot;videos&quot;:[{&quot;src&quot;:&quot;https:\\\/\\\/tiefbau-berlin.de\\\/wp-content\\\/uploads\\\/2024\\\/06\\\/Tiefbau-Berlin_web_h264.mp4&quot;,&quot;title&quot;:&quot;type your video title here&quot;,&quot;poster&quot;:&quot;&quot;,&quot;description&quot;:&quot;Don\\u2019t forget to like, comment, and subscribe for more fun episodes!&quot;,&quot;customDownloadButton&quot;:false,&quot;isCustomTitle&quot;:false,&quot;customDownloadUrl&quot;:&quot;&quot;,&quot;qualities&quot;:[],&quot;captions&quot;:[]}],&quot;videoSize&quot;:{&quot;width&quot;:{&quot;desktop&quot;:&quot;100%&quot;,&quot;tablet&quot;:&quot;100%&quot;,&quot;mobile&quot;:&quot;100%&quot;},&quot;height&quot;:{&quot;desktop&quot;:&quot;&quot;,&quot;tablet&quot;:&quot;&quot;,&quot;mobile&quot;:&quot;&quot;}},&quot;thumbnailSize&quot;:{&quot;width&quot;:{&quot;desktop&quot;:&quot;100%&quot;,&quot;tablet&quot;:&quot;100%&quot;,&quot;mobile&quot;:&quot;100%&quot;},&quot;height&quot;:{&quot;desktop&quot;:&quot;82px&quot;,&quot;tablet&quot;:&quot;&quot;,&quot;mobile&quot;:&quot;&quot;}},&quot;playlist&quot;:false,&quot;themes&quot;:{&quot;theme&quot;:&quot;default&quot;},&quot;tabStyles&quot;:{&quot;activeBg&quot;:&quot;#334155&quot;,&quot;activeTitleColor&quot;:&quot;#fff&quot;,&quot;activeDesColor&quot;:&quot;#fff&quot;,&quot;inactiveBg&quot;:&quot;#F0F5FA&quot;,&quot;inactiveTitleColor&quot;:&quot;#3D8D7A&quot;,&quot;inactiveDesColor&quot;:&quot;#585a5c&quot;,&quot;durationTimeColor&quot;:&quot;#fff&quot;,&quot;durationBg&quot;:&quot;#000&quot;},&quot;captionstyles&quot;:{&quot;color&quot;:&quot;#ffffff&quot;,&quot;bg&quot;:&quot;rgba(0,0,0,0.7)&quot;},&quot;captionTypo&quot;:{&quot;fontSize&quot;:{&quot;desktop&quot;:&quot;18px&quot;,&quot;tablet&quot;:&quot;18px&quot;,&quot;mobile&quot;:&quot;18px&quot;},&quot;fontFamily&quot;:&quot;inherit&quot;,&quot;lineHeight&quot;:&quot;1.4&quot;,&quot;fontWeight&quot;:&quot;400&quot;,&quot;textTransform&quot;:&quot;none&quot;},&quot;titleTypo&quot;:{&quot;fontSize&quot;:{&quot;desktop&quot;:15,&quot;tablet&quot;:13,&quot;mobile&quot;:12}},&quot;descriptionTypo&quot;:{&quot;fontSize&quot;:{&quot;desktop&quot;:14,&quot;tablet&quot;:12,&quot;mobile&quot;:10}},&quot;durationTypo&quot;:{&quot;fontSize&quot;:{&quot;desktop&quot;:14,&quot;tablet&quot;:12,&quot;mobile&quot;:10}},&quot;viewersTypo&quot;:{&quot;fontSize&quot;:{&quot;desktop&quot;:14,&quot;tablet&quot;:12,&quot;mobile&quot;:10}},&quot;alignment&quot;:&quot;center&quot;,&quot;textAlign&quot;:&quot;center&quot;,&quot;background&quot;:{&quot;color&quot;:&quot;#0000&quot;},&quot;scrollBg&quot;:&quot;#3D8D7A&quot;,&quot;content&quot;:&quot;Content of the block&quot;,&quot;typography&quot;:{&quot;fontSize&quot;:20},&quot;color&quot;:&quot;#333&quot;,&quot;colors&quot;:{&quot;color&quot;:&quot;#333&quot;,&quot;bg&quot;:&quot;#fff&quot;},&quot;img&quot;:{&quot;id&quot;:null,&quot;url&quot;:&quot;&quot;,&quot;alt&quot;:&quot;&quot;,&quot;title&quot;:&quot;&quot;},&quot;padding&quot;:{&quot;top&quot;:&quot;15px&quot;,&quot;right&quot;:&quot;30px&quot;,&quot;bottom&quot;:&quot;15px&quot;,&quot;left&quot;:&quot;30px&quot;},&quot;margin&quot;:{&quot;top&quot;:&quot;0px&quot;,&quot;right&quot;:&quot;0px&quot;,&quot;bottom&quot;:&quot;15px&quot;,&quot;left&quot;:&quot;0px&quot;},&quot;border&quot;:{&quot;width&quot;:&quot;0px&quot;,&quot;style&quot;:&quot;solid&quot;,&quot;color&quot;:&quot;#000000&quot;,&quot;radius&quot;:&quot;0px&quot;},&quot;shadow&quot;:[],&quot;layout&quot;:&quot;vertical&quot;}'><\/div><br \/>\n&nbsp;<br \/>\n&nbsp;<\/div>\n<h2 class=\"hestia-title\" style=\"text-align:center;\">In Zahlen<\/h2>\n<p>&nbsp;<br \/>\n<style>\r\n\r\n#wpsm_counter_b_row_387 .wpsm_counterbox\r\n{\r\n\ttext-align:center;\r\n\tmargin-top:50px;\r\n\tmargin-bottom:50px;\r\n}\r\n#wpsm_counter_b_row_387 .wpsm_counterbox .wpsm_count-icon{\r\n\tdisplay:block;\r\n\tmargin-top:20px;\r\n\tpadding-top:0px;\r\n\tpadding-bottom:0px;\r\n\tmargin-bottom:0px;\r\n\tmargin:0 auto;\r\n}\r\n#wpsm_counter_b_row_387 .wpsm_counterbox .wpsm_count-icon i{\r\n\tfont-size:px;\r\n\tcolor:#000000;\r\n}\r\n#wpsm_counter_b_row_387 .wpsm_counterbox .wpsm_number{\r\n\tfont-size:px;\r\n\tfont-weight:;\r\n\tcolor:#000000;\r\n\tfont-family:'Open Sans';\r\n\tletter-spacing:2px;\r\n\tmargin-top:20px;\r\n\tline-height: 1.3em;\r\n\tpadding-top:0px;\r\n\tpadding-bottom:0px;\r\n\tmargin-bottom:0px;\r\n}\r\n#wpsm_counter_b_row_387 .wpsm_counterbox .wpsm_count-title{\r\n    font-size:px;\r\n\tfont-weight:bolder;\r\n\tfont-family:'Open Sans';\r\n\tletter-spacing:2px;\r\n    color: #000000;\r\n\tfont-weight:;\r\n\tmargin-top:20px;\r\n\tpadding-top:0px;\r\n\tpadding-bottom:0px;\r\n\tmargin-bottom:0px;\r\n\tline-height: 1.3em;\r\n}\r\n\r\n<\/style> \r\n\t\t \r\n\t\t\r\n\t\t<style>\r\n\t\t#wpsm_counter_b_row_387\t\t\t{\r\n\t\t\t\t\r\n\t\t\t\tposition:relative;\r\n\t\t\t\twidth:100%;\r\n\t\t\t\toverflow:hidden;\r\n\t\t\t\ttext-align:center;\r\n\t\t\t}\r\n\t\t\t \r\n\t\t\t#wpsm_counter_b_row_387 .wpsm_row{\r\n\t\t\toverflow:hidden;\r\n\t\t\tdisplay:block;\r\n\t\t\twidth:100%;\r\n\t\t\t} \r\n\t\t\t \r\n\t\t\t#wpsm_counter_b_row_387 .wpsm_row{\r\n\t\t\toverflow:visible;\r\n\t\t\t} \r\n\t\t\t \r\n\t\t\t#wpsm_counter_b_row_387 .wpsm_counterbox .wpsm_count-title{\r\n\t\t\tmin-height:56px;\r\n\t\t\t}}\r\n\t\t\t \r\n\t\t<\/style>\r\n\t\t\r\n\t\t<div class=\"wpsm_counter_b_row\" id=\"wpsm_counter_b_row_387\">\r\n\t\t\t<div>\r\n\t\t\t\t<div class=\"wpsm_row\">\r\n\t\t\r\n\t\t\t\t\t\t<div class=\"wpsm_col-md-4 wpsm_col-sm-6\">\r\n\t\t\t\t\t<div class=\"wpsm_counterbox\">\r\n\t\t\t\t\t\t\t\t\t\t\t\t<div class=\"wpsm_number\" style=\"#000000\" >\r\n\t\t\t\t\t\t   <span class=\"counter\">3602432\t\t\t\t\t\t   <\/span>\r\n\t\t\t\t\t\t    \r\n\t\t\t\t\t    <\/div>\r\n\t\t\t\t\t\t<h3 class=\"wpsm_count-title\" #000000> Bewegte Erdmasse pro Jahr (in t)<\/h3>\r\n\t\t\t\t\t\t \r\n\t\t\t\t\t<\/div>\r\n\t\t\t\t<\/div>\r\n\t\t\t\t\t\t\t\t\t<div class=\"wpsm_col-md-4 wpsm_col-sm-6\">\r\n\t\t\t\t\t<div class=\"wpsm_counterbox\">\r\n\t\t\t\t\t\t\t\t\t\t\t\t<div class=\"wpsm_number\" style=\"#000000\" >\r\n\t\t\t\t\t\t   <span class=\"counter\">397\t\t\t\t\t\t   <\/span>\r\n\t\t\t\t\t\t    \r\n\t\t\t\t\t    <\/div>\r\n\t\t\t\t\t\t<h3 class=\"wpsm_count-title\" #000000> Verlegte Rohrleitungen (in km)<\/h3>\r\n\t\t\t\t\t\t \r\n\t\t\t\t\t<\/div>\r\n\t\t\t\t<\/div>\r\n\t\t\t\t\t\t\t\t\t<div class=\"wpsm_col-md-4 wpsm_col-sm-6\">\r\n\t\t\t\t\t<div class=\"wpsm_counterbox\">\r\n\t\t\t\t\t\t\t\t\t\t\t\t<div class=\"wpsm_number\" style=\"#000000\" >\r\n\t\t\t\t\t\t   <span class=\"counter\">121509\t\t\t\t\t\t   <\/span>\r\n\t\t\t\t\t\t    \r\n\t\t\t\t\t    <\/div>\r\n\t\t\t\t\t\t<h3 class=\"wpsm_count-title\" #000000> Bodenplatten gegossen (in m\u00b2)<\/h3>\r\n\t\t\t\t\t\t \r\n\t\t\t\t\t<\/div>\r\n\t\t\t\t<\/div>\r\n\t\t\t\t\t\t<\/div>\r\n\t\t\t<div class=\"wpsm_row\">\r\n\t\t\t\t\t\t\t\t<div class=\"wpsm_col-md-4 wpsm_col-sm-6\">\r\n\t\t\t\t\t<div class=\"wpsm_counterbox\">\r\n\t\t\t\t\t\t\t\t\t\t\t\t<div class=\"wpsm_number\" style=\"#000000\" >\r\n\t\t\t\t\t\t   <span class=\"counter\">19\t\t\t\t\t\t   <\/span>\r\n\t\t\t\t\t\t    \r\n\t\t\t\t\t    <\/div>\r\n\t\t\t\t\t\t<h3 class=\"wpsm_count-title\" #000000> Erfahrung (in Jahren)<\/h3>\r\n\t\t\t\t\t\t \r\n\t\t\t\t\t<\/div>\r\n\t\t\t\t<\/div>\r\n\t\t\t\t\t\t\t\t\t<div class=\"wpsm_col-md-4 wpsm_col-sm-6\">\r\n\t\t\t\t\t<div class=\"wpsm_counterbox\">\r\n\t\t\t\t\t\t\t\t\t\t\t\t<div class=\"wpsm_number\" style=\"#000000\" >\r\n\t\t\t\t\t\t   <span class=\"counter\">768\t\t\t\t\t\t   <\/span>\r\n\t\t\t\t\t\t    \r\n\t\t\t\t\t    <\/div>\r\n\t\t\t\t\t\t<h3 class=\"wpsm_count-title\" #000000> Zufriedene Kunden<\/h3>\r\n\t\t\t\t\t\t \r\n\t\t\t\t\t<\/div>\r\n\t\t\t\t<\/div>\r\n\t\t\t\t\t\t\t\t\t<div class=\"wpsm_col-md-4 wpsm_col-sm-6\">\r\n\t\t\t\t\t<div class=\"wpsm_counterbox\">\r\n\t\t\t\t\t\t\t\t\t\t\t\t<div class=\"wpsm_number\" style=\"#000000\" >\r\n\t\t\t\t\t\t   <span class=\"counter\">100\t\t\t\t\t\t   <\/span>\r\n\t\t\t\t\t\t    \r\n\t\t\t\t\t    <\/div>\r\n\t\t\t\t\t\t<h3 class=\"wpsm_count-title\" #000000> Motivation (in %)<\/h3>\r\n\t\t\t\t\t\t \r\n\t\t\t\t\t<\/div>\r\n\t\t\t\t<\/div>\r\n\t\t\t\t\t\t<\/div>\r\n\t\t\t<div class=\"wpsm_row\">\r\n\t\t\t\t\t\t\r\n\t\t\t<\/div>\t\t\t\t<\/div>\r\n\t\t<\/div>\r\n\t\t\r\n\t<\/p>\n<p>&nbsp;<\/p>\n<h2 class=\"hestia-title target\" style=\"text-align:center;\" id=\"leistungen\">Unsere Leistungen<\/h2>\n<p>&nbsp;<\/p>\n<div class=\"leistung\">\n<div class=\"image-container\"><img loading=\"lazy\" decoding=\"async\" src=\"https:\/\/tiefbau-berlin.de\/wp-content\/uploads\/2024\/05\/Tiefbau.jpg\" alt=\"Tiefbau Berlin \u2013 Tiefbau arbeiten\" width=\"1200\" height=\"1200\" class=\"alignnone size-full wp-image-242\" \/><\/div>\n<h3>Tiefbau<\/h3>\n<p>Unsere Tiefbaudienstleistungen umfassen die Planung und Durchf\u00fchrung von Bauprojekten, die tief unter der Erdoberfl\u00e4che liegen. Mit modernster Ausr\u00fcstung und erfahrenen Fachkr\u00e4ften garantieren wir sichere und effiziente L\u00f6sungen f\u00fcr Ihre Bauvorhaben. Vertrauen Sie auf unsere Expertise f\u00fcr stabile und langlebige Tiefbaukonstruktionen.<\/p>\n<div class=\"buttons\">\n<div class=\"btn btn-primary btn-right has-color popup-tiefbau\">Mehr Infos<\/div>\n<\/div>\n<\/div>\n<div class=\"leistung\">\n<div class=\"image-container\"><img loading=\"lazy\" decoding=\"async\" src=\"https:\/\/tiefbau-berlin.de\/wp-content\/uploads\/2024\/05\/Erdbau.jpg\" alt=\"Tiefbau Berlin \u2013 Erbau arbeiten\" width=\"1200\" height=\"1200\" class=\"alignnone size-full wp-image-242\" \/><\/div>\n<h3>Erdbau<\/h3>\n<p>Im Erdbau bieten wir umfassende Dienstleistungen von der Gel\u00e4ndevorbereitung bis zur Endbearbeitung. Unsere erfahrenen Teams arbeiten pr\u00e4zise und effizient, um optimale Ergebnisse zu erzielen. Wir sorgen daf\u00fcr, dass Ihr Baugrund perfekt vorbereitet ist, egal ob f\u00fcr kleine Bauprojekte oder gro\u00dffl\u00e4chige Infrastrukturvorhaben.<\/p>\n<div class=\"buttons\">\n<div class=\"btn btn-primary btn-right has-color popup-erdbau\">Mehr Infos<\/div>\n<\/div>\n<\/div>\n<div class=\"leistung\">\n<div class=\"image-container\"><img loading=\"lazy\" decoding=\"async\" src=\"https:\/\/tiefbau-berlin.de\/wp-content\/uploads\/2024\/05\/Rohrleitungsbau.jpg\" alt=\"Tiefbau Berlin \u2013 Rohrleitungsbau\" width=\"1200\" height=\"1200\" class=\"alignnone size-full wp-image-242\" \/><\/div>\n<h3>Rohrleitungsbau<\/h3>\n<p>Unsere Rohrleitungsbau-Dienstleistungen decken die Planung, Installation und Wartung von Rohrleitungssystemen ab. Wir legen gro\u00dfen Wert auf Pr\u00e4zision und Qualit\u00e4t, um eine zuverl\u00e4ssige Versorgung mit Wasser, Gas und anderen Medien sicherzustellen. Vertrauen Sie auf uns f\u00fcr eine fachgerechte und nachhaltige Rohrverlegung.<\/p>\n<div class=\"buttons\">\n<div class=\"btn btn-primary btn-right has-color popup-rohrleitungsbau\">Mehr Infos<\/div>\n<\/div>\n<\/div>\n<div class=\"leistung\">\n<div class=\"image-container\"><img loading=\"lazy\" decoding=\"async\" src=\"https:\/\/tiefbau-berlin.de\/wp-content\/uploads\/2024\/05\/Bodenplatten-Fundamente_web.jpg\" alt=\"Tiefbau Berlin \u2013 Bodenplatten\" width=\"1200\" height=\"1200\" class=\"alignnone size-full wp-image-242\" srcset=\"https:\/\/tiefbau-berlin.de\/wp-content\/uploads\/2024\/05\/Bodenplatten-Fundamente_web.jpg 1200w, https:\/\/tiefbau-berlin.de\/wp-content\/uploads\/2024\/05\/Bodenplatten-Fundamente_web-300x300.jpg 300w, https:\/\/tiefbau-berlin.de\/wp-content\/uploads\/2024\/05\/Bodenplatten-Fundamente_web-1024x1024.jpg 1024w, https:\/\/tiefbau-berlin.de\/wp-content\/uploads\/2024\/05\/Bodenplatten-Fundamente_web-150x150.jpg 150w, https:\/\/tiefbau-berlin.de\/wp-content\/uploads\/2024\/05\/Bodenplatten-Fundamente_web-768x768.jpg 768w\" sizes=\"auto, (max-width: 1200px) 100vw, 1200px\" \/><\/div>\n<h3>Bodenplatten<\/h3>\n<p>Wir bieten spezialisierte Dienstleistungen f\u00fcr die Planung und Ausf\u00fchrung von Bodenplatten, die das Fundament Ihrer Bauprojekte bilden. Unsere Experten gew\u00e4hrleisten h\u00f6chste Qualit\u00e4t und Pr\u00e4zision bei der Erstellung von stabilen und langlebigen Bodenplatten, die den Grundstein f\u00fcr Ihr Bauvorhaben legen.<\/p>\n<div class=\"buttons\">\n<div class=\"btn btn-primary btn-right has-color popup-bodenplatten\">Mehr Infos<\/div>\n<\/div>\n<\/div>\n","protected":false},"excerpt":{"rendered":"<p>&nbsp; &nbsp; In Zahlen &nbsp; &nbsp; Unsere Leistungen &nbsp; Tiefbau Unsere Tiefbaudienstleistungen umfassen die Planung und Durchf\u00fchrung von Bauprojekten, die tief unter der Erdoberfl\u00e4che liegen. Mit modernster Ausr\u00fcstung und erfahrenen Fachkr\u00e4ften garantieren wir sichere und effiziente L\u00f6sungen f\u00fcr Ihre Bauvorhaben. Vertrauen Sie auf unsere Expertise f\u00fcr stabile und langlebige Tiefbaukonstruktionen. [&hellip;]<\/p>\n","protected":false},"author":1,"featured_media":0,"parent":0,"menu_order":0,"comment_status":"closed","ping_status":"closed","template":"","meta":{"inline_featured_image":false,"footnotes":""},"class_list":["post-21","page","type-page","status-publish","hentry"],"_links":{"self":[{"href":"https:\/\/tiefbau-berlin.de\/index.php\/wp-json\/wp\/v2\/pages\/21","targetHints":{"allow":["GET"]}}],"collection":[{"href":"https:\/\/tiefbau-berlin.de\/index.php\/wp-json\/wp\/v2\/pages"}],"about":[{"href":"https:\/\/tiefbau-berlin.de\/index.php\/wp-json\/wp\/v2\/types\/page"}],"author":[{"embeddable":true,"href":"https:\/\/tiefbau-berlin.de\/index.php\/wp-json\/wp\/v2\/users\/1"}],"replies":[{"embeddable":true,"href":"https:\/\/tiefbau-berlin.de\/index.php\/wp-json\/wp\/v2\/comments?post=21"}],"version-history":[{"count":43,"href":"https:\/\/tiefbau-berlin.de\/index.php\/wp-json\/wp\/v2\/pages\/21\/revisions"}],"predecessor-version":[{"id":547,"href":"https:\/\/tiefbau-berlin.de\/index.php\/wp-json\/wp\/v2\/pages\/21\/revisions\/547"}],"wp:attachment":[{"href":"https:\/\/tiefbau-berlin.de\/index.php\/wp-json\/wp\/v2\/media?parent=21"}],"curies":[{"name":"wp","href":"https:\/\/api.w.org\/{rel}","templated":true}]}}